 d and 34?
34
Suppose 62 = 3*h - 2*g, 3*h + 2 = -3*g + 44. Let b be h/(-8)*80/(-3). Let t = b - -30. Calculate the highest common factor of 10 and t.
10
Let x(h) = h**3 - 19*h**2 + 34*h + 30. Let q be x(17). Let z be ((-100)/q)/((-4)/162). What is the highest common divisor of z and 27?
27
Let a(k) = -k**3 + 10*k**2 + k. Let v = -14 + 20. Let l be a(v). Let y be 6/(-12) - 363/(-6). Calculate the highest common divisor of y and l.
30
Suppose 0 = 6*c - 2*c - 128. Let f = 78 - 46. Calculate the greatest common divisor of f and c.
32
Let c = 328 + 2446. Calculate the highest common factor of c and 146.
146
Let x = -35 - -43. Let h(n) = n**2 - 7*n - 4. Let g be h(x). Calculate the highest common factor of 36 and g.
4
Suppose 3 = 5*v - 77. Let t = 20 + v. What is the highest common factor of t and 12?
12
Suppose -1427 = 7*m - 9722. What is the highest common factor of m and 15?
15
Let v(y) = 8*y**2 - y - 15. Let i be -2*(4 - (-44)/(-8)). Let d be v(i). Calculate the greatest common factor of 36 and d.
18
Let n = 181 - -68. What is the highest common divisor of 3 and n?
3
Let b(m) = m**3 + 9*m**2 + 2*m - 18. Let x be b(-8). Let h = 493 - 343. What is the greatest common factor of h and x?
30
Suppose -2 = -2*y + y, 3*y + 30 = 3*h. Suppose 0 = 5*u + h - 137. Suppose 2*j - 50 = -3*j. What is the highest common divisor of u and j?
5
Let n(s) = s + 19. Let q be n(-12). Let t = -309 + 344. What is the highest common divisor of t and q?
7
Suppose -l + 12 = 3. Let u be (119/(-21) - -5)*6/2. Let w = u + l. What is the greatest common factor of w and 14?
7
Let l be 2/2 - -154 - (-32)/32. What is the highest common factor of l and 12?
12
Suppose -5*d + 2*u + 898 = 0, 0 = -3*d + 2*d - 4*u + 184. Suppose 3*x - 100 = -2*x. What is the highest common divisor of x and d?
20
Suppose -2*j - 8 = 18. Let i = j + 61. Calculate the greatest common factor of 36 and i.
12
Suppose -3*i + 111 = -3*c, -3*i + 5*c = -5*i + 53. Calculate the highest common divisor of 153 and i.
17
Suppose 0*q = 3*q + 21. Let p(i) = -4*i - 24. Let y be p(q). What is the highest common factor of 8 and y?
4
Suppose -10*k + 14*k - 8 = 0. Let y = 70 - 65. Calculate the highest common factor of k and y.
1
Suppose 30 = 5*w - 3*w. Let y be (-746)/(-10) + (-8)/(-20). Calculate the highest common factor of y and w.
15
Suppose -67 + 691 = 16*c. Calculate the greatest common divisor of c and 57.
3
Let s(t) = -t**3 + 6*t**2 - 4*t - 3. Let a be s(5). Suppose -a*g + 102 = g. Calculate the greatest common factor of 17 and g.
17
Suppose 0 = -w + 3*k + 2*k + 17, 0 = -5*w - 4*k - 2. Suppose -w*f + 0*f = 4, -4*d - 5*f + 2 = 0. What is the highest common divisor of 3 and d?
3
Let a(m) be the third derivative of 5*m**2 + 1/30*m**5 + 2/3*m**3 + 0 + 0*m + 1/8*m**4. Let f be a(4). Calculate the greatest common factor of 6 and f.
6
Suppose 3077 = 21*b - 1438. Calculate the highest common factor of 5 and b.
5
Suppose -68*x = -73*x + 30. Suppose -5*y - 4*w + 100 = -x*w, 5*w = -2*y + 69. Calculate the highest common factor of y and 110.
22
Let m be (78/(-10))/((-15)/100). What is the greatest common divisor of m and 65?
13
Suppose -2*z + 0*c + 21 = 3*c, -c = 3. Let w = 2 + -5. Let k be 20/(2 - (-3 - w)). Calculate the greatest common divisor of k and z.
5
Suppose q - 16 = -2*d - 0*q, -2*q = -d + 18. Let l(u) = 2*u + 110 - u - 2*u. Let k be l(0). What is the greatest common factor of d and k?
10
Let a = 384 - 312. Calculate the highest common factor of 162 and a.
18
Let j = 294 + -274. What is the greatest common divisor of j and 15?
5
Let l = 36 - -7. What is the highest common divisor of 215 and l?
43
Let w be ((-312)/(-130))/(3/80). What is the greatest common factor of w and 592?
16
Suppose 52 - 28 = -4*o, -4*w - 5*o + 162 = 0. Suppose 6*z - 3*z = 12. Let x be z/6 + 16/3. What is the greatest common factor of w and x?
6
Suppose 0 = -5*g + 64 + 21. Let p be ((-6)/(-5) - (-10 + 10))*-5. Let v(c) = -23*c - 2. Let n be v(p). What is the greatest common factor of g and n?
17
Let w = -732 - -1054. What is the highest common factor of w and 69?
23
Let o be 2/4*(81 - (3 + 2)). What is the greatest common divisor of o and 38?
38
Suppose 39*b = 1398 + 2658. What is the greatest common factor of b and 182?
26
Let r(i) = -2*i**3 - 5*i**2 - 4*i - 7. Let z be 4/((-24)/27) + 3/2. Let f be r(z). What is the greatest common factor of f and 21?
7
Suppose 5*s + 544 = 5*t - 756, -s = -2*t + 521. Calculate the highest common divisor of t and 174.
87
Let x(v) = -v**2 - 20*v + 195. Let l be x(-14). Calculate the greatest common divisor of l and 155.
31
Let p = 41 + -36. Let y = p + 19. What is the highest common factor of y and 16?
8
Suppose -28*j - 3*a + 39 = -24*j, -6 = 2*a. What is the highest common factor of 3 and j?
3
Let f = -148 - -152. What is the highest common divisor of f and 4?
4
Let a(v) = -v + 1. Let j(t) = -5*t + 27. Let k(z) = -2*a(z) - j(z). Let p be k(6). Calculate the highest common divisor of p and 169.
13
Let l(v) be the second derivative of v**4/12 + v**3 + 4*v**2 + v. Suppose -54 = 17*g + 48. Let x be l(g). Calculate the greatest common divisor of x and 24.
8
Let o(d) = d. Let y be o(-6). Let n be (-10)/8 - y/24. Let b be (41 - n)*(-10)/(-3). What is the highest common divisor of b and 20?
20
Suppose 3*k + 44 = -109. Let u = -49 - k. What is the highest common divisor of u and 22?
2
Let f be (-301)/(-5) + 3*5/(-75). What is the highest common divisor of f and 960?
60
Let f be 2*(5 - 2/(10/15)). What is the highest common factor of 176 and f?
4
Let k be 411/(-12)*2 + 15/10. Let p = 527 - k. Calculate the highest common factor of 66 and p.
66
Let f(a) = a**3 - 7*a**2 - 7*a - 9. Let n be f(8). Let v be (n*1)/(9 - 10). Let i be v/(-2) + (-909)/(-18). What is the highest common divisor of i and 10?
10
Let j(v) = v + 31. Let a(l) = -5*l + 33. Let h be a(8). Let p be j(h). What is the highest common factor of p and 48?
24
Let w(g) = 2*g**2 + 12*g - 19. Let l be w(-9). Suppose -l*u = -34*u - 45. Calculate the greatest common divisor of u and 30.
15
Suppose -z = -113 - 223. Calculate the greatest common factor of z and 560.
112
Suppose 0 = 4*a, y - 18 = a - 2*a. Suppose -5*k - 93 = -2*i, 90*k - 87*k - 279 = -5*i. Calculate the greatest common factor of i and y.
18
Suppose 33 = b + 5*h, -3*b + 33 = -b - h. Let w be ((-138)/b)/((-1)/6). Calculate the greatest common divisor of 23 and w.
23
Let a(h) = -3*h + 12. Suppose 7*w - 4*w + 2*f = 5, f = -w. Let n be a(w). Let i be 9/(n*(-3)/12). Calculate the greatest common divisor of i and 36.
12
Suppose 28*k + 186 = 578. What is the highest common divisor of k and 350?
14
Let q be ((-2)/(-4))/(-1) + (-332)/(-8). Suppose 0*x + 343 = 2*k + 3*x, -2*k = 2*x - 338. What is the greatest common factor of q and k?
41
Suppose -2*s + 3*u = s, s + u - 10 = 0. Suppose y + 3*y = -2*c + 70, 3*y - 59 = s*c. What is the highest common divisor of 18 and y?
18
Let t = 30 - 25. Suppose 10 = t*k - 5. Suppose k*a - 86 + 26 = 0. Calculate the highest common divisor of 140 and a.
20
Let s be 2 + 0 - (3 + -6). Suppose 0 = -s*w - 11 - 29. Let o be w/2*(-2)/4. What is the greatest common factor of 6 and o?
2
Let c(q) = 6*q**2 + 12*q - 2. Let w be c(-5). Suppose -206 = -5*y - 0*s + 4*s, 5*y + 2*s = 182. Let a = y + w. What is the greatest common divisor of 14 and a?
14
Suppose 22*j - 16*j - 150 = 0. Let h = -13 + 18. Suppose 19 = h*s - 6. What is the greatest common divisor of j and s?
5
Let c = -1 + 11. Let w(m) = -2*m**3 - 15 + 9*m + m**3 + 0*m**3 - c*m**2 + 0*m**3. Let j be w(-11). What is the greatest common divisor of j and 14?
7
Suppose -558 = 3*l - 65*l. Calculate the highest common divisor of 513 and l.
9
Let s(j) = 4*j**2 + 37*j - 9. Let g be s(-10). Let w = -5 + 3. Let y be (-5*1)/(-1) + w. Calculate the highest common factor of y and g.
3
Let l(f) = 27*f - 26*f + 8 + f**2 + f**3 - 1. Let g be l(0). What is the highest common divisor of g and 7?
7
Let g(d) = d**2 + 8*d + 5. Suppose a - 16 = 3*a. Let y be g(a). Calculate the greatest common factor of 5 and y.
5
Suppose 0*o + 5*o = 1200. Let m = o - 156. Calculate the highest common divisor of m and 21.
21
Suppose 4*r - 57 = 3*q, 5*r - 6*q + q = 75. Let a = -11 - -15. Suppose 0 = a*n - 288 + r. Calculate the greatest common divisor of 23 and n.
23
Supp